{"id":24,"date":"2022-07-07T04:27:12","date_gmt":"2022-07-07T04:27:12","guid":{"rendered":"https:\/\/rvplaya.com\/?page_id=24"},"modified":"2024-05-16T12:33:23","modified_gmt":"2024-05-16T17:33:23","slug":"quienes-somos","status":"publish","type":"page","link":"https:\/\/rvplaya.com\/index.php\/quienes-somos\/","title":{"rendered":"\u00bfQui\u00e9nes somos?"},"content":{"rendered":"\n<h2 class=\"wp-block-heading has-text-align-center\">\u00bfQui\u00e9nes somos?<\/h2>\n\n\n\n<p class=\"has-text-align-center\">Somos un grupo de asesores inmobiliarios en capacitaci\u00f3n constante con base en Playa del Carmen con la convicci\u00f3n de ofrecer el mejor servicio inmobiliario.<br><\/p>\n\n\n\n<figure class=\"wp-block-image alignwide size-full\"><img loading=\"lazy\" decoding=\"async\" width=\"810\" height=\"21\" src=\"https:\/\/rvplaya.com\/wp-content\/uploads\/2024\/01\/Separador24.png\" alt=\"\" class=\"wp-image-606\" srcset=\"https:\/\/rvplaya.com\/wp-content\/uploads\/2024\/01\/Separador24.png 810w, https:\/\/rvplaya.com\/wp-content\/uploads\/2024\/01\/Separador24-300x8.png 300w, https:\/\/rvplaya.com\/wp-content\/uploads\/2024\/01\/Separador24-768x20.png 768w\" sizes=\"auto, (max-width: 810px) 100vw, 810px\" \/><\/figure>\n\n\n\n<h2 class=\"wp-block-heading has-text-align-center\">Visi\u00f3n<\/h2>\n\n\n\n<p class=\"has-text-align-center\">Ser la mejor opci\u00f3n inmobiliaria en la Riviera Maya, reconocidos no solo por nuestros clientes sino tambi\u00e9n por la competencia.<\/p>\n\n\n\n<p><\/p>\n\n\n\n<h2 class=\"wp-block-heading has-text-align-center\">Misi\u00f3n<\/h2>\n\n\n\n<p class=\"has-text-align-center\">Servir a Dios ofreciendo la mejor atenci\u00f3n. Para nuestros clientes, vender o rentar su propiedad en el menor tiempo posible con el mejor precio de mercado. Para nuestros prospectos, ofrecer las mejores opciones brind\u00e1ndoles seguridad y certeza de que la propiedad ofertada cumple con todas las caracter\u00edsticas legales requeridas.<\/p>\n\n\n\n<h2 class=\"wp-block-heading has-text-align-center\">Valores<\/h2>\n\n\n\n<ul class=\"wp-block-list\">\n<li>Profesionalismo<\/li>\n\n\n\n<li>Puntualidad<\/li>\n\n\n\n<li>Honestidad<\/li>\n\n\n\n<li>Honradez<\/li>\n<\/ul>\n\n\n\n<figure class=\"wp-block-image alignwide size-full\"><img loading=\"lazy\" decoding=\"async\" width=\"810\" height=\"21\" src=\"https:\/\/rvplaya.com\/wp-content\/uploads\/2024\/01\/Separador24.png\" alt=\"\" class=\"wp-image-606\" srcset=\"https:\/\/rvplaya.com\/wp-content\/uploads\/2024\/01\/Separador24.png 810w, https:\/\/rvplaya.com\/wp-content\/uploads\/2024\/01\/Separador24-300x8.png 300w, https:\/\/rvplaya.com\/wp-content\/uploads\/2024\/01\/Separador24-768x20.png 768w\" sizes=\"auto, (max-width: 810px) 100vw, 810px\" \/><\/figure>\n\n\n\n<h2 class=\"wp-block-heading has-text-align-center\">Nuestra historia<\/h2>\n\n\n\n<p class=\"has-text-align-center\">En 2015, al ver la desprofesionalizaci\u00f3n del sector inmobiliario en Quintana Roo, un grupo de asesores inmobiliarios decidi\u00f3 unirse para ofrecer servicios inmobiliarios de calidad, tomando como basti\u00f3n Playa del Carmen se cre\u00f3<strong><em> V&amp;V Asesor\u00eda Inmobiliaria<\/em><\/strong> ofreciendo los nuevos desarrollos de la zona.<\/p>\n\n\n<div class=\"wp-block-image\">\n<figure class=\"aligncenter size-full is-resized\"><img loading=\"lazy\" decoding=\"async\" width=\"400\" height=\"400\" src=\"https:\/\/rvplaya.com\/wp-content\/uploads\/2022\/07\/VV-Logo-grande.jpg\" alt=\"\" class=\"wp-image-128\" style=\"width:207px;height:207px\" srcset=\"https:\/\/rvplaya.com\/wp-content\/uploads\/2022\/07\/VV-Logo-grande.jpg 400w, https:\/\/rvplaya.com\/wp-content\/uploads\/2022\/07\/VV-Logo-grande-300x300.jpg 300w, https:\/\/rvplaya.com\/wp-content\/uploads\/2022\/07\/VV-Logo-grande-150x150.jpg 150w\" sizes=\"auto, (max-width: 400px) 100vw, 400px\" \/><\/figure>\n<\/div>\n\n\n<p><\/p>\n\n\n\n<p class=\"has-text-align-center\">Un par de a\u00f1os despu\u00e9s, se incorpor\u00f3 nuevo personal, que aportaron frescura, una visi\u00f3n diferente del negocio y sobre todo ganas de aportar cosas positivas. Fue as\u00ed que se decidi\u00f3 actualizar nuestro logotipo incorporando de manera visual nuestros valores.<\/p>\n\n\n<div class=\"wp-block-image\">\n<figure class=\"aligncenter size-large is-resized\"><img loading=\"lazy\" decoding=\"async\" width=\"1024\" height=\"1024\" src=\"https:\/\/rvplaya.com\/wp-content\/uploads\/2022\/07\/Icono-1024x1024.png\" alt=\"\" class=\"wp-image-132\" style=\"width:205px;height:205px\" srcset=\"https:\/\/rvplaya.com\/wp-content\/uploads\/2022\/07\/Icono-1024x1024.png 1024w, https:\/\/rvplaya.com\/wp-content\/uploads\/2022\/07\/Icono-300x300.png 300w, https:\/\/rvplaya.com\/wp-content\/uploads\/2022\/07\/Icono-150x150.png 150w, https:\/\/rvplaya.com\/wp-content\/uploads\/2022\/07\/Icono-768x768.png 768w, https:\/\/rvplaya.com\/wp-content\/uploads\/2022\/07\/Icono-1536x1536.png 1536w, https:\/\/rvplaya.com\/wp-content\/uploads\/2022\/07\/Icono.png 1978w\" sizes=\"auto, (max-width: 1024px) 100vw, 1024px\" \/><\/figure>\n<\/div>\n\n\n<p><\/p>\n\n\n\n<p class=\"has-text-align-center\">Tiempo despu\u00e9s al ver las tendencias inmobiliarias de la zona, se decidi\u00f3 abarcar tambi\u00e9n el mercado de las rentas vacacionales, as\u00ed fue como se cre\u00f3 en ese momento de forma independiente: <em><strong>RV Playa<\/strong><\/em>.<\/p>\n\n\n<div class=\"wp-block-image\">\n<figure class=\"aligncenter size-full is-resized\"><img loading=\"lazy\" decoding=\"async\" width=\"541\" height=\"784\" src=\"https:\/\/rvplaya.com\/wp-content\/uploads\/2022\/07\/RV-Rentas-vacacionales.png\" alt=\"\" class=\"wp-image-129\" style=\"width:170px;height:247px\" srcset=\"https:\/\/rvplaya.com\/wp-content\/uploads\/2022\/07\/RV-Rentas-vacacionales.png 541w, https:\/\/rvplaya.com\/wp-content\/uploads\/2022\/07\/RV-Rentas-vacacionales-207x300.png 207w\" sizes=\"auto, (max-width: 541px) 100vw, 541px\" \/><\/figure>\n<\/div>\n\n\n<p><\/p>\n\n\n\n<p class=\"has-text-align-center\">En el a\u00f1o 2020 con la cuarentena a causa de la pandemia de COVID-19, se tom\u00f3 la decisi\u00f3n de aprovechar ese tiempo para que nuestros asesores obtuvieran el certificado EC0110.01 con validez a nivel nacional avalado por la Red Conocer de la SEP. A finales de ese mismo a\u00f1o, con el cambio en las pol\u00edticas fiscales se unieron VyV Asesor\u00eda y RV Playa para consolidar una empresa que ofreciera una gama de servicios inmobiliarios integrales.<\/p>\n\n\n<div class=\"wp-block-image\">\n<figure class=\"aligncenter size-full is-resized\"><img loading=\"lazy\" decoding=\"async\" width=\"200\" height=\"270\" src=\"https:\/\/rvplaya.com\/wp-content\/uploads\/2022\/07\/RV-Web-Icono.png\" alt=\"\" class=\"wp-image-130\" style=\"width:205px;height:277px\"\/><\/figure>\n<\/div>\n\n\n<p><\/p>\n\n\n\n<p class=\"has-text-align-center\">Durante 2022 nuevamente <strong><em>RV Playa<\/em><\/strong> da un paso importante en su consolidaci\u00f3n en la Riviera Maya uni\u00e9ndose a la Red Inmobiliaria Digital m\u00e1s grande del pa\u00eds, creando alianzas con SIMCA Desarrollos, Los Amigos Tulum y Grupo Tsalash. Tambi\u00e9n se desarroll\u00f3 una nueva interfaz para nuestra p\u00e1gina web, con un nuevo dise\u00f1o m\u00e1s fresco y din\u00e1mico logrando as\u00ed una mejor exposici\u00f3n del inventario a nuestra disposici\u00f3n, ofreciendo m\u00e1s y mejores beneficios a nuestros clientes y obteniendo el respaldo que esta comunidad ofrece.<\/p>\n\n\n\n<p><\/p>\n\n\n\n<p class=\"has-text-align-center\">Es as\u00ed como en el a\u00f1o 2024 decidimos dar el siguiente paso: refrescamos nuestra imagen, no solamente el logotipo, con las nuevas tecnolog\u00edas disponibles actualizamos nuestros canales de comunicaci\u00f3n y eficientamos nuestros criterios de evaluaci\u00f3n as\u00ed como nuestros procesos operativos.<br>\u00a1Este es el nuevo <strong><em>RV Playa<\/em><\/strong>!<\/p>\n\n\n<div class=\"wp-block-image\">\n<figure class=\"aligncenter size-large is-resized\"><img loading=\"lazy\" decoding=\"async\" width=\"1024\" height=\"239\" src=\"https:\/\/rvplaya.com\/wp-content\/uploads\/2024\/05\/RV-2024-1024x239.jpg\" alt=\"\" class=\"wp-image-797\" style=\"width:339px;height:auto\" srcset=\"https:\/\/rvplaya.com\/wp-content\/uploads\/2024\/05\/RV-2024-1024x239.jpg 1024w, https:\/\/rvplaya.com\/wp-content\/uploads\/2024\/05\/RV-2024-300x70.jpg 300w, https:\/\/rvplaya.com\/wp-content\/uploads\/2024\/05\/RV-2024-768x179.jpg 768w, https:\/\/rvplaya.com\/wp-content\/uploads\/2024\/05\/RV-2024.jpg 1319w\" sizes=\"auto, (max-width: 1024px) 100vw, 1024px\" \/><\/figure>\n<\/div>\n\n\n<figure class=\"wp-block-image alignwide size-full\"><img loading=\"lazy\" decoding=\"async\" width=\"810\" height=\"21\" src=\"https:\/\/rvplaya.com\/wp-content\/uploads\/2024\/01\/Separador24.png\" alt=\"\" class=\"wp-image-606\" srcset=\"https:\/\/rvplaya.com\/wp-content\/uploads\/2024\/01\/Separador24.png 810w, https:\/\/rvplaya.com\/wp-content\/uploads\/2024\/01\/Separador24-300x8.png 300w, https:\/\/rvplaya.com\/wp-content\/uploads\/2024\/01\/Separador24-768x20.png 768w\" sizes=\"auto, (max-width: 810px) 100vw, 810px\" \/><\/figure>\n","protected":false},"excerpt":{"rendered":"<p>\u00bfQui\u00e9nes somos? Somos un grupo de asesores inmobiliarios en capacitaci\u00f3n constante con base en Playa del Carmen con la convicci\u00f3n de ofrecer el mejor servicio inmobiliario. Visi\u00f3n Ser la mejor opci\u00f3n inmobiliaria en la Riviera Maya, reconocidos no solo por nuestros clientes sino tambi\u00e9n por la competencia. Misi\u00f3n Servir a Dios ofreciendo la mejor atenci\u00f3n&#8230;.<\/p>\n","protected":false},"author":1,"featured_media":0,"parent":0,"menu_order":0,"comment_status":"closed","ping_status":"closed","template":"","meta":{"_kad_post_transparent":"","_kad_post_title":"","_kad_post_layout":"","_kad_post_sidebar_id":"","_kad_post_content_style":"","_kad_post_vertical_padding":"","_kad_post_feature":"","_kad_post_feature_position":"","_kad_post_header":false,"_kad_post_footer":false,"_kad_post_classname":"","footnotes":""},"class_list":["post-24","page","type-page","status-publish","hentry"],"aioseo_notices":[],"_links":{"self":[{"href":"https:\/\/rvplaya.com\/index.php\/wp-json\/wp\/v2\/pages\/24","targetHints":{"allow":["GET"]}}],"collection":[{"href":"https:\/\/rvplaya.com\/index.php\/wp-json\/wp\/v2\/pages"}],"about":[{"href":"https:\/\/rvplaya.com\/index.php\/wp-json\/wp\/v2\/types\/page"}],"author":[{"embeddable":true,"href":"https:\/\/rvplaya.com\/index.php\/wp-json\/wp\/v2\/users\/1"}],"replies":[{"embeddable":true,"href":"https:\/\/rvplaya.com\/index.php\/wp-json\/wp\/v2\/comments?post=24"}],"version-history":[{"count":7,"href":"https:\/\/rvplaya.com\/index.php\/wp-json\/wp\/v2\/pages\/24\/revisions"}],"predecessor-version":[{"id":835,"href":"https:\/\/rvplaya.com\/index.php\/wp-json\/wp\/v2\/pages\/24\/revisions\/835"}],"wp:attachment":[{"href":"https:\/\/rvplaya.com\/index.php\/wp-json\/wp\/v2\/media?parent=24"}],"curies":[{"name":"wp","href":"https:\/\/api.w.org\/{rel}","templated":true}]}}